hest common factor of 25600 and 45611200.
1600
Calculate the greatest common factor of 5940778 and 186.
62
Calculate the highest common factor of 10757 and 25513.
31
Calculate the greatest common divisor of 495249194 and 4246.
4246
Calculate the highest common factor of 194036 and 180215.
271
Calculate the greatest common factor of 397594573 and 10293.
3431
Calculate the greatest common divisor of 58109000 and 50.
50
Calculate the highest common divisor of 173098 and 56304.
46
Calculate the highest common divisor of 1332893793 and 693.
231
Calculate the highest common divisor of 2781 and 284337.
27
What is the highest common divisor of 152247998 and 24353?
3479
What is the greatest common divisor of 28476 and 7770?
42
Calculate the greatest common factor of 20 and 12535130.
10
What is the highest common divisor of 88227 and 1017?
9
What is the highest common factor of 8222293 and 483138?
8947
What is the highest common divisor of 48799663 and 121?
121
What is the greatest common factor of 368064 and 285704?
568
What is the highest common factor of 18282716 and 4?
4
What is the greatest common divisor of 560 and 16321480?
280
Calculate the highest common divisor of 340651449 and 9.
9
What is the greatest common factor of 15238 and 4721374?
802
What is the highest common factor of 35025 and 2342472?
1401
What is the highest common divisor of 1088 and 1612144?
272
What is the greatest common divisor of 367367909 and 51?
17
Calculate the greatest common divisor of 32125857 and 80409.
1641
Calculate the highest common factor of 978 and 25799151.
489
Calculate the greatest common factor of 948 and 2142006.
474
What is the highest common factor of 598460 and 31420?
20
Calculate the highest common factor of 104751 and 8118666.
927
Calculate the greatest common factor of 8383840 and 32635.
305
What is the greatest common divisor of 357 and 8793233?
17
Calculate the greatest common divisor of 60 and 62344140.
60
Calculate the greatest common divisor of 801 and 54822843.
801
What is the highest common divisor of 11249042 and 309?
103
Calculate the greatest common divisor of 7760 and 182960.
80
What is the highest common factor of 120377 and 279225?
1241
What is the highest common factor of 12233606 and 266?
266
What is the greatest common divisor of 108520 and 3307147?
2713
What is the greatest common divisor of 348 and 23069732?
116
Calculate the highest common divisor of 1604932 and 364.
28
Calculate the highest common factor of 8 and 478544.
8
Calculate the greatest common factor of 80 and 178830.
10
What is the highest common divisor of 90350854 and 69?
23
Calculate the greatest common factor of 10993544 and 15368.
904
Calculate the greatest common factor of 29781543 and 66.
33
What is the highest common factor of 311986562 and 4?
2
What is the highest common divisor of 192228 and 6700839?
249
Calculate the greatest common factor of 3141481 and 119.
119
What is the greatest common divisor of 83949788 and 10274?
934
Calculate the greatest common factor of 3086857 and 2165.
433
What is the greatest common divisor of 1250302 and 708346?
4754
What is the greatest common divisor of 1834411 and 10603?
23
Calculate the highest common divisor of 84 and 14339616.
12
Calculate the highest common divisor of 70552063 and 69.
23
Calculate the highest common divisor of 2211 and 73887.
33
Calculate the greatest common divisor of 552 and 1199703.
69
What is the highest common factor of 610 and 9414496?
122
Calculate the highest common factor of 76 and 5576158.
38
What is the highest common divisor of 27 and 3187?
1
Calculate the highest common factor of 412 and 2156923.
103
What is the greatest common divisor of 3250 and 66016210?
130
What is the greatest common factor of 61775 and 288048?
353
What is the greatest common factor of 5529454 and 952?
238
Calculate the greatest common factor of 32389 and 59490.
661
Calculate the greatest common factor of 203231532 and 612.
204
What is the highest common factor of 2247339 and 418?
19
Calculate the highest common divisor of 160 and 1284128.
32
Calculate the greatest common divisor of 2920687 and 40089.
581
What is the greatest common factor of 599874067 and 2119?
2119
What is the highest common divisor of 11098157 and 2212?
553
What is the highest common divisor of 3630342 and 1208?
302
Calculate the highest common factor of 57358208 and 256.
128
What is the greatest common factor of 153 and 7512419?
17
What is the highest common divisor of 188499 and 76266?
57
Calculate the highest common divisor of 6397599 and 4797.
1599
Calculate the greatest common divisor of 534 and 20096823.
267
Calculate the highest common divisor of 255782 and 101094074.
15046
Calculate the greatest common factor of 10451 and 57687.
7
What is the highest common divisor of 11472 and 1543404?
12
What is the highest common divisor of 43543794 and 42?
42
Calculate the highest common factor of 7259950 and 214.
214
What is the highest common divisor of 7739034 and 6?
6
What is the greatest common divisor of 70575018 and 24?
6
What is the highest common factor of 1507128 and 204?
12
What is the highest common divisor of 103339 and 13432?
23
Calculate the greatest common divisor of 1072 and 1948762.
134
Calculate the highest common divisor of 228 and 2424020.
76
Calculate the greatest common factor of 73760864 and 256.
32
What is the highest common divisor of 1407119 and 8771?
1253
What is the greatest common divisor of 743064 and 47688?
24
Calculate the greatest common divisor of 4494620 and 1888.
236
What is the highest common factor of 1666 and 738584?
14
Calculate the greatest common divisor of 56555672 and 3664.
1832
Calculate the greatest common divisor of 69504 and 176.
16
Calculate the highest common factor of 140 and 59042928.
28
Calculate the greatest common divisor of 43520802 and 322543.
7501
Calculate the greatest common factor of 2121621 and 6049.
263
What is the greatest common divisor of 116 and 464348?
116
What is the greatest common divisor of 1584 and 1385424?
144
Calculate the highest common divisor of 1231112 and 1752.
8
What is the greatest common divisor of 18631 and 13846439?
601
What is the greatest common divisor of 138386338 and 4195?
839
What is the highest common factor of 5702520 and 1080?
120
Calculate the greatest common factor of 42 and 119049.
21
What is the highest common factor of 4368658 and 14?
14
Calculate the greatest common factor of 1062 and 10570617.
531
Calculate the highest common divisor of 18 and 1432704.
6
Calculate the highest common divisor of 1495 and 95923087.
299
Calculate the greatest common factor of 978 and 89662388.
326
What is the greatest common divisor of 40524 and 330?
66
Calculate the highest common factor of 1442403 and 801.
9
What is the greatest common factor of 396 and 302398404?
132
What is the greatest common factor of 30258 and 45698436?
738
What is the highest common factor of 180719 and 185413?
2347
Calculate the greatest common factor of 15732 and 35103336.
5244
Calculate the greatest common divisor of 1775292 and 212936.
2476
What is the greatest common divisor of 1521 and 806962?
13
Calculate the greatest common divisor of 2880162 and 72.
18
What is the greatest common factor of 406087 and 37411?
209
Calculate the greatest common divisor of 3984795 and 525.
15
What is the greatest common divisor of 2731 and 1584479773?
2731
What is the highest common divisor of 1150944 and 18452964?
7572
What is the highest common divisor of 301035 and 9897555?
915
Calculate the highest common factor of 246432 and 1.
1
What is the greatest common factor of 705612346 and 718?
718
Calculate the highest common divisor of 24 and 25444884.
12
What is the highest common divisor of 34995389 and 143?
143
Calculate the highest common factor of 3144515 and 165.
55
What is the highest common factor of 86660251 and 46?
23
Calculate the highest common divisor of 18447 and 365027.
559
What is the highest common divisor of 900 and 705255?
15
Calculate the greatest common factor of 296 and 1773706.
74
Calculate the greatest common factor of 978 and 259290294.
978
What is the greatest common factor of 51023 and 2849?
259
Calculate the greatest common divisor of 182093 and 54438.
211
What is the greatest common 